 74*m + 106 = 0. Let x(y) = y**3 + 23*y**2 - 25*y - 11. Calculate x(b).
13
Let v(c) = 8*c + 13*c - 20*c. Let p be (73/(-146))/(2/(-12)). Calculate v(p).
3
Let f(b) = -3*b**2 - 5*b - 2. Let l(p) = 2*p**2 + p**3 + 11*p - 7*p + p**2 - 3*p. Let h(a) = a**2 + 11*a + 7. Let q be h(-10). Let s be l(q). Determine f(s).
-14
Let z be 0*(-3 + (-16)/(-6)). Suppose -8*w + 21*w + 39 = z. Let g(y) = y**2 + y**3 + 2*y**2 - y + 739 - 743. Determine g(w).
-1
Let l = -27126 + 27129. Let c(d) = d**2 - d - 4. Let m(w) = -2*w**2 + w + 4. Let p(b) = 3*c(b) + 2*m(b). Calculate p(l).
-16
Suppose 7 = -2*d - k - 5, 4 = -2*d - 3*k. Let m(z) = z**2 + 6*z - 14. Let t be m(-8). Let b(c) = -122*c**t + 2 - 9*c - 127*c**2 + 248*c**2. Determine b(d).
10
Let a(q) = 15*q + 142. Let o(w) = 3*w**2 + 33*w - 10. Let n be o(0). Determine a(n).
-8
Let c(f) = 2*f - 3. Let l = -20 - -24. Let x be c(l). Let s(u) = -4. Let w(g) = g. Let i(m) = s(m) + w(m). What is i(x)?
1
Suppose 2005*u + 6102 = 1666*u. Let z(f) = -5*f - 75. Give z(u).
15
Suppose 6*l - 870 = -300. Let q = l - 90. Suppose -q*x + d + 2 = 53, 3*x = -5*d - 53. Let g(u) = u**2 + 11*u + 3. Determine g(x).
3
Let j(p) = 281*p - 6138. Let y be j(22). Let r(f) be the first derivative of 3*f**2 - 1/3*f**3 - f + y. What is r(5)?
4
Let d(q) = -28*q + 356. Let j be d(13). Let n(o) = o**3 + 8*o**2 - 13*o - 14. Give n(j).
90
Let p be ((-5)/2 + -1)/((-30)/60). Let v(q) = -p*q - 4*q**2 + 8*q**2 - 3*q**2 + 0 + 3. Let c(u) = u**3 - 4*u**2 - 2*u - 6. Let f be c(5). What is v(f)?
21
Let y = 1023 - 1022. Let j(d) = -3*d**3 + 2*d**2 - 6*d + 4. What is j(y)?
-3
Let b be 2 + 1 + (-3)/3. Let u be (b - 6/2)*-60. Let n(i) = -30*i**2 - 31*i**2 + 9*i + u*i**2 + 10. Calculate n(10).
0
Suppose 0 = -u + 10 - 4. Let c(l) = -l - 6. Let s(h) = 1. Let n(g) = -g**3 + 3*g**2 + 9*g - 22. Let f be n(4). Let i(t) = f*c(t) - 6*s(t). Calculate i(u).
18
Let x(o) = o**3 + 9*o**2 + 4*o - 8. Suppose 0 = 4*i + 3*l - 30 + 47, 52 = -4*i + 4*l. Give x(i).
24
Let g(l) be the second derivative of -l**4/12 + l**3/3 + 13*l**2 + 1272*l. Calculate g(7).
-9
Let q be (74/(-4))/((-10)/20). Let i = -25 + q. Suppose 9*y = i*y - 6. Let l(x) = -4*x - 2. What is l(y)?
-10
Let f(z) = 2 - 3*z + 1 + 2*z. Let c(o) = -11*o + 11. Let x(n) = 12*n - 12. Let s(q) = -6*c(q) - 5*x(q). Let h be s(2). What is f(h)?
-3
Let q(h) = -57*h - 3. Let u(n) = -58*n + 2. Let a(r) = q(r) - u(r). What is a(11)?
6
Let z(y) = -6 - 1 + 5 - 2*y**3 + 2*y. Suppose -419*k - 32 = -451*k. What is z(k)?
-2
Let d(j) = 96 - 2*j + 6*j + 8*j - 88 + 60. Give d(-6).
-4
Suppose 0 = z + 2*z + 120. Let a = -41 - z. Let g(w) = -2*w - w + 12*w + w. What is g(a)?
-10
Suppose -12 = 3*u, -u - 2*u = -3*t - 219. Let l = t - -34. Let d = -36 - l. Let a(h) = h**2 - 8*h - 3. Give a(d).
-10
Let y be (-151)/(-302)*8/6*3. Let v(g) = 115*g - 7 + y*g**2 - 136*g - 9. Give v(11).
-5
Suppose -8 = -10*t + 8*t, -2*t = 3*l - 53. Suppose -6*g + l = -21. Let h(d) = d**2 - 4*d + 2. What is h(g)?
14
Let u(r) be the first derivative of -5*r**2/2 - 5*r - 828. Determine u(-5).
20
Suppose -3*n = 2*x - 12, x - 21 = -4*x - 3*n. Let c(d) = 50*d**3 - d. Let z be c(1). Let w(t) = 56*t**3 - 10 - 104*t**3 + z*t**x. Calculate w(0).
-10
Let k(p) = p**2 - 12*p + 3. Let b = 880 + -204. Let q = b + -668. What is k(q)?
-29
Let q(f) be the third derivative of f**6/20 + f**5/60 - f**4/12 + f**3/2 + 5*f**2 + 6*f - 20. Give q(0).
3
Let y(k) = -7*k**2 - 9*k - 56. Let p(v) = v**2 + 2*v + 10. Let s(t) = -6*p(t) - y(t). Let z be 3*-15*4/(-36). Suppose -2*j = z*c, 3 = j - 2*c + 3*c. Give s(j).
6
Let m = -1750 - -1760. Let p(k) = -k**2 + 5*k + 34. Give p(m).
-16
Let n be 478/1195 - ((-57)/(-5))/1. Let z be 9 + -19 - 0 - n. Let j(w) = 1 + 0 + w + 24*w**3 - 2*w. Calculate j(z).
24
Let i be (4/(-2))/(-1 + 2). Let x(j) be the first derivative of j**2 + 1/3*j**3 - 40 - j. Calculate x(i).
-1
Let x(b) = b**3 + b**2 + 3*b - 7. Let w(j) = -6*j**3 + 19*j**2 - 75*j + 85. Let m(a) = -w(a) - 7*x(a). Calculate m(-28).
20
Let u(c) be the first derivative of -c**5/60 - c**4/4 + 11*c**3/6 - 12*c**2 + 2*c + 65. Let b(l) be the second derivative of u(l). Determine b(-8).
-5
Let c(w) = 202*w + 5. Let z(q) = -121*q - 2. Let j(i) = -3*c(i) - 5*z(i). Let t = -9 + 5. Determine j(t).
-1
Let b be ((-5)/(-6))/((-206)/(-1236)). Let t(p) = -2*p - 6. Let y be t(-4). Suppose -y*w - 3*w - 3*l + 10 = 0, -4*l = -b*w + 45. Let v(j) = -2*j - 1. Give v(w).
-11
Let y(q) = 2*q**2 + q + 6. Let z(v) = 14*v**2 + 2*v - 16. Let n(f) = -2*y(f) - z(f). What is n(2)?
-76
Let w be 2/(39/(-12) + 1 + 2). Let z be (w + 4 + 6)*-1. Let a(b) = b**2 - 3*b - 2. Calculate a(z).
8
Let f(b) be the third derivative of -b**6/40 + b**5/20 - b**4/24 + b**3 + 872*b**2. Give f(2).
-8
Let c = 46 - 46. Suppose 2*s - 22 = -3*g - c*s, -s = -4*g + 33. Suppose -6*l - g = -44. Let f(m) = m - 5. Determine f(l).
1
Let w(s) = -s**2 - 8*s + 2. Let d = 118 + -75. Let c(b) = 25*b - d*b - 14 + 17*b. Let k be c(-6). Calculate w(k).
2
Let u be (12/(0 + -1))/(1106 - 1110). Let j(a) = 3*a**2 - a + 0*a**3 + 3 + 3*a**3 - 4*a**3 - 4. Determine j(u).
-4
Let n(j) be the first derivative of -j**4/4 + 10*j**3/3 - j**2/2 - 1427. Determine n(10).
-10
Let j(f) = -412 - 4*f**3 + 416 + 13*f - 17*f + 3*f**2. Calculate j(2).
-24
Let u(w) = 48*w - 5. Let i(y) = -y**2 - 44*y - 121. Let k be i(-3). Determine u(k).
91
Let z(v) = 12*v + 1. Let a(n) = 277*n + 9 - 18*n**2 + 0*n**3 - 298*n + 2*n**3. Let t be a(10). Give z(t).
-11
Let t(j) = -j**3 - j**2 - 2*j + 1. Let i be (-16)/16 + (0 - -4). Let y be t(i). Let x = -42 - y. Let a(u) = 19*u - 1. Give a(x).
-20
Suppose -171 = q - 319 + 179. Let a(c) = -2*c**2 - 57*c + 152. Determine a(q).
-3
Let q(b) = 32*b**2 + 2*b. Let p be q(1). Let h(m) = -p - 30 + 63 - 10*m. Let y = -1 + 0. Give h(y).
9
Let p = -2 + 4. Let r(z) be the second derivative of -5*z**4/12 - z**2 + 175*z - 18. What is r(p)?
-22
Let y = 19 - 17. Let l(k) = 38*k - 28. Let b(m) = -88*m + 64. Let c(t) = 7*b(t) + 16*l(t). Give c(y).
-16
Let r(w) = w + 29. Let k = -456 - -450. Let g(f) = f + 33. Let t(v) = k*r(v) + 5*g(v). Calculate t(-3).
-6
Let l(t) = -t - 1. Let x = 7 - 29. Let s be x/11 - (1 + -1 + 8). Let m(d) = -8*d - 16. Let v(r) = s*l(r) + m(r). Determine v(4).
2
Let k = 111 + -26. Let l be (-34)/k + 37/5. Let x(b) = -3 - 2 - 1 + b. What is x(l)?
1
Let q(g) = -4*g**3 + g**2. Suppose 4*n - 4 = -5*u, -4*n + 4*u + 2 = -2. Let i be (3*(-4)/(-48))/(n/(-4)). Calculate q(i).
5
Let x(y) be the first derivative of y**4/4 - y**3 - 3*y**2/2 + 3*y - 4764. Let l = -10 - -14. Suppose 0*g - g + l = 0. What is x(g)?
7
Let h(d) = 3*d**2 + 2*d - 2. Let b(l) = -91*l + 5. Let y be b(-2). Let z = -189 + y. Give h(z).
6
Let b(d) be the second derivative of d**4/12 - d**3/6 + 3*d**2/2 - 2*d - 13284. Suppose 4 = -4*f + 12. Give b(f).
5
Let h(j) = -2*j - 7. Suppose -3*a = 5*a - 4*a. Let f(v) = 4*v**2 - 1. Let o be f(1). Suppose 4*r = -4*w - 28, a*r = -o*r - 5*w - 23. What is h(r)?
5
Let c(v) be the third derivative of -1/5*v**5 + 0 + v**2 + 11/24*v**4 + 1/120*v**6 + 11/6*v**3 - 87*v. What is c(11)?
11
Let t be (4/(-8))/((-3)/(-6)). Let l(x) be the third derivative of x**5/12 - x**4/24 - x**3/3 + 2*x**2 + 579*x. What is l(t)?
4
Let f(w) = -5*w**2 - 7*w - 15. Let j(x) = -13*x**2 - 22*x - 45. Let k(g) = 8*f(g) - 3*j(g). What is k(13)?
-24
Let y(u) = -27*u + 25. Let g be y(6). Let h = 125 + g. Let f(i) = 0*i + i + 10 + 0*i. Calculate f(h).
-2
Let n(h) = -h**2 + 37. Let y be (-2)/48*-6056 - (-2)/(-6). Let q = y - 252. What is n(q)?
37
Let i(o) be the third derivative of 13*o**4/24 + 7*o**3/6 + 428*o**2. Calculate i(2).
33
Let u(a) = 54*a**2 + a - 17 - 15*a + 4*a**3 - 5*a**3 - 63*a**2. What is u(-8)?
31
Let j(q) = -q**2 - 1 + 55 - 215*q + 214*q. What is j(7)?
-2
Suppose -4*v + v = 4*o - 36, 0 = -2*v. Let z be (o/(-6))/(9/36). Let w(u) = -u**2 + u + 3. Determine w(z).
-39
Suppose -17*h = -18*h - 1. Let q(y) = -2*y**3 + 2*y**2 + 3*y + 1. Let w be q(h). Let c(d) = 59 + d**w + 4*d**2 - 4*d**2 - 58. Give c(2).
5
Let q(n) = n**2 - n - 1. Let t(b) = -109 - 53*b + 2*b**2 - 99 + 183. Let l be t(27). Calculate q(l).
1
Let y(t) = -t**3 - 5*t**2 + 4*t - 7. Suppose -193 = -11*r + 654. Suppose 2 - r = 15*n. Give y(n).
-27
Suppose 0 = -14*o + 2*o + 504. Let l = 60 - o. Let n(j) = -1 + l*j - 25*j - 1 + j**2. Ca